5474. Is c prime?
False
Suppose 5*j + 3*c = 21373, -5*c - 706 - 12145 = -3*j. Suppose 5*r + 952 - j = 0. Let o = -474 + r. Is o prime?
True
Is (-40)/120*(-1 + 632/(-1)) composite?
False
Let z(v) = 4*v**2 - 2*v - 3. Let d be z(-1). Is 526/d*(-6)/(-4) a prime number?
True
Suppose 0 = -5*d - q + 14, 3*d + 4*q - 16 = 6. Suppose -2*l = -3*l + d. Suppose 5*x - 32 = -3*u + 245, -5*u - l*x = -449. Is u a composite number?
False
Suppose -4*m + 3091 = -2505. Is m a composite number?
False
Suppose -30208 = -2*s - 2*x, 0 = 7*s - 5*s - 3*x - 30193. Is s a composite number?
False
Let d be 3 + 21 + -3 - -3. Suppose -10*l + d = -6*l. Is (-8)/l + (-121)/(-3) composite?
True
Let c be 1 + (-9)/(-3) + 2237. Suppose -3*y - 4*b = -c, -5*y + 2095 + 1654 = 2*b. Is y a prime number?
True
Suppose -4 = q + 3. Let k(i) = -i**3 - 7*i**2 - 2*i + 4. Let a be k(q). Let y = 40 + a. Is y composite?
True
Let s(h) = -h**3 + 6*h**2 - 5*h + 6. Let n be s(4). Suppose -r - 64 = n. Let i = r - -317. Is i a composite number?
True
Is ((-3)/(18/2253))/((-33)/66) a prime number?
True
Suppose -62*w = -63*w + 1481. Is w prime?
True
Let g = -278 - -531. Let b = g + -138. Is b a prime number?
False
Suppose -5*l + s + 35 = 10, 15 = 3*l + 3*s. Let q be (4/(-2))/((-4)/362). Suppose -l*j + 174 = -q. Is j a composite number?
False
Suppose -8*n + 341515 = 19227. Is n a prime number?
False
Is (1 + (0 - 143))/((-76)/266) a prime number?
False
Is 1703 + (0 + -1)/(4/(-24)) a composite number?
False
Let f be (-1)/((-6)/16082) + 4/6. Let m = f + -1884. Is m prime?
True
Suppose 4*g = 15 + 1. Suppose -g*w + 105 = -9*w. Is 7/w - 308/(-6) prime?
False
Let f(a) = 6*a**2 - 4*a - 3. Let r be (-3)/4 + (-14)/(-8). Let p be 3*r + -16 + 8. Is f(p) prime?
True
Let p = -263 - -2236. Suppose 0*z = 4*b - 5*z - p, z = 5*b - 2440. Is b a prime number?
True
Let a = 66 - 69. Is 0 - a/((-15)/(-670)) a composite number?
True
Is (14/56*-4)/(2/(-103102)) a composite number?
False
Let g(h) be the second derivative of -h**5/20 - h**4 - 4*h**3/3 - 17*h**2/2 + 2*h. Is g(-12) prime?
True
Let i be (-2)/(-9) - 3164/(-18). Suppose -5*f - 4*s = -92, 4*f - 20*s - 52 = -16*s. Suppose 57 = 2*h + 5*b, -5*h + i - f = -5*b. Is h prime?
True
Let c be 10/2 + (-2)/(-6)*-3. Suppose -4*r = -c*s + 127 + 549, -5*s + 845 = -4*r. Is s prime?
False
Let l be 1/((-12)/(-8))*6. Suppose l*o - 19 + 3 = 0. Suppose 4*u = 0, -4*t + 3*t = -o*u - 161. Is t prime?
False
Let h(c) = 3*c**3 + 5*c**2 + 5*c - 41. Let b(m) = m**3 + 2*m**2 + 2*m - 21. Suppose 0 = 3*r - r - 4. Let q(a) = r*h(a) - 5*b(a). Is q(0) a prime number?
True
Suppose -3*i + 2961 = i + b, 4*i = -3*b + 2963. Let n(t) = -418*t**3 + t**2. Let w be n(1). Let g = i + w. Is g a prime number?
False
Let b(z) = -32*z - 17. Let d be b(-8). Let t = d - 54. Is t composite?
True
Suppose -4*m + 159118 = 3*w, 5*w + 278855 - 79940 = 5*m. Is m prime?
False
Is (8/(-12))/((-2)/9258) prime?
False
Suppose 38340 = -2*g + 7*g + 2*m, m + 7661 = g. Is g a composite number?
True
Suppose 16*i + 8899 = 5*i. Is (-2)/(((-1)/i)/((-49)/14)) a prime number?
False
Let p(y) = -y**2 + 7*y - 8. Let z be p(4). Suppose -z*r = -4100 - 2472. Suppose 619 = 2*w + 5*h, 5*w + 3*h - r = -67. Is w a prime number?
True
Let c be (1*3)/(12/20). Suppose -c*v + 1 = -5*f - v, 3 = -3*f + 3*v. Suppose -f*w - w + x + 2958 = 0, 4*w - 2*x = 2960. Is w a composite number?
False
Let f(j) = j**3 + 3*j**2 + 2*j - 1. Let p be (-12 - -5)*1*-1. Is f(p) a prime number?
True
Is 2*1*1/2 - -6120 composite?
False
Let o = -22 + 26. Suppose -5*y + 6645 = o*f, -2341 = -2*f - y + 974. Is f composite?
True
Let o be 7473/(-6) + (-6)/(-12). Let j = -488 - o. Is j prime?
True
Suppose -o = 4*w - 42141 - 83092, 0 = 2*w - 5*o - 62589. Is w a composite number?
False
Let u(a) = 29*a**3 - 5*a**2 + 7*a - 11. Let q = 83 - 79. Is u(q) a prime number?
False
Let y(p) = 10*p**2. Let i = -5 + 3. Let z be 2 - (5 + (i - 0)). Is y(z) a prime number?
False
Suppose 2*u + 336 = -5*u. Let m = 15 + -8. Let b = m - u. Is b composite?
True
Let t = -7 + -2. Let w = t + 9. Suppose -n + 3*n - 62 = w. Is n prime?
True
Let r(u) = -u**3 - 25*u**2 + 73*u + 26. Is r(-37) a composite number?
True
Let o = -9736 + 19814. Is o a prime number?
False
Let l = -540 - -225. Let r = 1592 + l. Is r prime?
True
Let t be 1/(3/12*1). Is (t*(-2)/(-12))/(18/32211) prime?
True
Let h be ((-15)/(-12))/((-6)/(-864)). Let x be h/81 - 2/9. Is (5 - x)*55/3 a composite number?
True
Let r(b) = -8*b**2 + 14*b + 31. Let d(s) = -7*s**2 + 15*s + 30. Let v(u) = -6*d(u) + 5*r(u). Is v(-11) composite?
True
Suppose 0 = -11*k - 20 - 2. Is (27/(-6))/9 + (-2795)/k a prime number?
False
Let o(t) = t**2 - 16*t + 6. Let w be o(16). Suppose 3*f = -b + w*f + 164, 0 = 2*b - 5*f - 327. Is b composite?
True
Let t(u) = -8515*u - 57. Is t(-2) composite?
True
Suppose 16824 = -2*l + 10*l. Is l a composite number?
True
Let z(n) = 2*n - 11. Let w be z(4). Let r be -1 + w + -1 + 35. Let l = r - -161. Is l a composite number?
False
Let r(n) = -1488*n - 346. Is r(-19) a prime number?
False
Let q = 193758 - 134095. Is q composite?
False
Let z(p) = 4*p**2 - 16*p - 67. Is z(-29) a composite number?
False
Let x(z) = 2867*z**2 + 6*z - 9. Let i be x(-7). Is i/48 - 4/(-3) composite?
False
Suppose t + 4*g = -t - 36, -5*g + 72 = -2*t. Let j = 30 + t. Suppose -2*d = 3*l - j*l + 993, -4*l - 5*d = -3972. Is l composite?
True
Suppose -4*d - q + 167060 = 0, -41765 = 37*d - 38*d - 5*q. Is d prime?
False
Let x(f) = 2*f**3 - 4*f**2 + 3*f - 2. Let y be x(2). Is 2*-449*y/(-8) a prime number?
True
Let k(z) = -160*z**3 + 2*z + 1. Suppose 3*b = 2*y - 2 - 6, -3*y + b = -12. Suppose -2 + 6 = -y*n. Is k(n) a prime number?
False
Let r(h) = 714*h**3 - 5*h**2 + 14*h + 3. Is r(2) prime?
False
Suppose -587509 = -29*z - 14*z. Is z a prime number?
False
Let y be 3/9 + (-2)/6. Suppose -g + 381 = 4*u - 5*u, -5*g - 2*u + 1905 = y. Is g a prime number?
False
Let j = -69432 - -111311. Is j prime?
True
Let q(g) = -51*g + 140. Is q(-15) prime?
False
Let u(m) = 3*m**2 + 4*m - 8. Let o be u(-5). Suppose -46*d - 2 = -o*d. Suppose 1802 = d*r - 716. Is r a composite number?
False
Let g(v) = 10061*v - 74. Is g(3) prime?
True
Let g = -30 - -32. Suppose 0 = n + 4*h - 2*h - 369, 5*n - 1861 = -g*h. Is n a composite number?
False
Let w be (5/20*-6)/((-1)/1082). Suppose 13*y = 10*y + w. Is y a composite number?
False
Suppose -4*u + 30738 = 2*w, -5*u = -4*w - u + 61416. Is w composite?
False
Let z(t) = -t**3 + 38*t**2 + 30*t - 63. Is z(20) prime?
False
Let f be (-5 - -1)*(-15)/20. Suppose 2*p + 1 = f*p. Let w(i) = 22*i**3 + i**2. Is w(p) composite?
False
Let z(h) = 191*h - 5. Suppose -6*c = -11*c + 50. Let j be z(c). Suppose -4*r + r = -j. Is r prime?
False
Is 15/(1785/402628) + (-6)/14 a prime number?
False
Suppose -d + 804 + 731 = 0. Is d a prime number?
False
Suppose 0 = -5*w - 5*l + 9320, 5608 = 3*w + l - 2*l. Suppose -7*y + 5*y - w = 0. Is (-3)/(-15) - y/5 a prime number?
False
Let l be ((-2)/(-8))/((-1)/(-116)). Let d(f) = 30*f**2 + 2 + 4*f - 5 + 4 - l*f**2. Is d(-7) a composite number?
True
Let x = 1952 - 455. Is x a composite number?
True
Let s = 10 + -5. Let i(a) = -2 + 10*a + s*a + a - 1. Is i(5) a composite number?
True
Let a = 1124 - 639. Is a a prime number?
False
Is (-61 - (-1 - (3 - 2)))*-1 a composite number?
False
Let n(m) be the second derivative of m**5/20 - 3*m**4/4 + 11*m**3/6 + 4*m**2 + m. Let r be n(9). Let b = -72 + r. Is b a composite number?
True
Suppose -1417 = 4*d + 755. Let y be d*(-4)/12*1. Suppose 5*v = 2*s - 25 - 21, -5*s - 4*v + y = 0. Is s a prime number?
False
Let o = 4702 - 1748. Suppose 0 = -3*c + o + 1729. Is c composite?
True
Suppose 60 = -0*w - 5*w. Let c(r) = -6 - 7 - 14*r + 3. Is c(w) a prime number?
False
Let w = 8092 - 2993. Is w composite?
False
Let g(y) = -62*y - 37. Suppose 2*i = -0*p - 4*p - 2, 4 = -i + p. Is g(i) prime?
True
Let p = -4 - -9. Let z(u) = 29*u - 2. Let y be z(p). Let j = 286 - y. Is j a composite number?
True
Let i = -24173 + 49558. Is i a prime number?
False
Is 1*(342 - (1 - -6)) composite?
True
Let v = -34 - -38. Suppose v*m - 228 = 352. Is m a composite number?
True
Suppose -4*i + f = -141712, -5*f + 0*f - 141696 = -4*i. Is i a composite number?
True
Suppose j + 5 = w, 2*w + j - 7 = -0. Suppose 2*q - 2741 = -3*c, 3*q - 4567 = -c - w*c. 